43?
1
What is the tens digit of 30984?
8
What is the tens digit of 2930?
3
What is the units digit of 4669?
9
What is the hundreds digit of 108055?
0
What is the hundreds digit of 1054?
0
What is the units digit of 107?
7
What is the hundreds digit of 29610?
6
What is the hundreds digit of 3344?
3
What is the tens digit of 1290?
9
What is the units digit of 1567?
7
What is the thousands digit of 1815?
1
What is the hundred thousands digit of 115666?
1
What is the thousands digit of 1293?
1
What is the hundreds digit of 108335?
3
What is the thousands digit of 10588?
0
What is the units digit of 9337?
7
What is the tens digit of 1432?
3
What is the units digit of 291?
1
What is the units digit of 27191?
1
What is the hundreds digit of 56199?
1
What is the thousands digit of 81582?
1
What is the tens digit of 1072?
7
What is the hundreds digit of 745?
7
What is the hundreds digit of 63152?
1
What is the tens digit of 4919?
1
What is the thousands digit of 2231?
2
What is the units digit of 39654?
4
What is the ten thousands digit of 89718?
8
What is the thousands digit of 1899?
1
What is the thousands digit of 10976?
0
What is the units digit of 1743?
3
What is the thousands digit of 7365?
7
What is the thousands digit of 12856?
2
What is the tens digit of 183711?
1
What is the thousands digit of 143839?
3
What is the ten thousands digit of 53696?
5
What is the thousands digit of 7023?
7
What is the tens digit of 23916?
1
What is the hundreds digit of 2198?
1
What is the hundreds digit of 5746?
7
What is the units digit of 963?
3
What is the tens digit of 2437?
3
What is the hundreds digit of 539?
5
What is the hundreds digit of 90016?
0
What is the tens digit of 40401?
0
What is the hundreds digit of 8753?
7
What is the thousands digit of 16543?
6
What is the ten thousands digit of 66649?
6
What is the tens digit of 7620?
2
What is the units digit of 58077?
7
What is the units digit of 93117?
7
What is the units digit of 2894?
4
What is the units digit of 85509?
9
What is the thousands digit of 37854?
7
What is the thousands digit of 3729?
3
What is the hundreds digit of 9326?
3
What is the units digit of 148?
8
What is the tens digit of 2399?
9
What is the tens digit of 41?
4
What is the thousands digit of 5978?
5
What is the tens digit of 3538?
3
What is the hundreds digit of 85970?
9
What is the ten thousands digit of 68345?
6
What is the hundreds digit of 14175?
1
What is the hundreds digit of 1904?
9
What is the hundreds digit of 112231?
2
What is the tens digit of 93636?
3
What is the hundreds digit of 126?
1
What is the hundreds digit of 2574?
5
What is the ten thousands digit of 15562?
1
What is the tens digit of 16693?
9
What is the hundreds digit of 306?
3
What is the tens digit of 6124?
2
What is the units digit of 228?
8
What is the thousands digit of 1208?
1
What is the hundreds digit of 30587?
5
What is the tens digit of 1053?
5
What is the tens digit of 3768?
6
What is the thousands digit of 41990?
1
What is the thousands digit of 1946?
1
What is the units digit of 27727?
7
What is the tens digit of 1275?
7
What is the thousands digit of 15321?
5
What is the hundred thousands digit of 173745?
1
What is the hundreds digit of 29474?
4
What is the units digit of 984?
4
What is the units digit of 1234?
4
What is the units digit of 22531?
1
What is the units digit of 39972?
2
What is the tens digit of 18978?
7
What is the tens digit of 19790?
9
What is the units digit of 846?
6
What is the tens digit of 669?
6
What is the hundreds digit of 3066?
0
What is the units digit of 411?
1
What is the tens digit of 2814?
1
What is the tens digit of 2069?
6
What is the hundreds digit of 1020?
0
What is the thousands digit of 22192?
2
What is the tens digit of 28493?
9
What is the tens digit of 6907?
0
What is the units digit of 725?
5
What is the tens digit of 769?
6
What is the tens digit of 11416?
1
What is the tens digit of 158?
5
What is the hundreds digit of 149410?
4
What is the thousands digit of 12070?
2
What is the units digit of 3925?
5
What is the thousands digit of 5958?
5
What is the ten thousands digit of 20445?
2
What is the ten thousands digit of 64698?
6
What is the thousands digit of 2013?
2
What is the units digit of 1641?
1
What is the ten thousands digit of 50164?
5
What is the tens digit of 178?
7
What is the units digit of 10771?
1
What is the tens digit of 992?
9
What is the units digit of 599?
9
What is the units digit of 4071?
1
What is the units digit of 174?
4
What is the units digit of 7040?
0
What is the units digit of 25420?
0
What is the ten thousands digit of 104352?
0
What is the tens digit of 7050?
5
What is the units digit of 510?
0
What is the thousands digit of 140816?
0
What is the tens digit of 3291?
9
What is the units digit of 67775?
5
What is the tens digit of 1067?
6
What is the hundreds digit of 1095?
0
What is the ten thousands digit of 27767?
2
What is the units digit of 2?
2
What is the units digit of 28746?
6
What is the hundred thousands digit of 190019?
1
What is the hundreds digit of 12120?
1
What is the ten thousands digit of 108612?
0
What is the units digit of 1596?
6
What is the units digit of 1899?
9
What is the thousands digit of 66915?
6
What is the tens digit of 993?
9
What is the hundreds digit of 2963?
9
What is the units digit of 6356?
6
What is the units digit of 13995?
5
What is the tens digit of 5088?
8
What is the units digit of 15875?
5
What is the tens digit of 2171?
7
What is the tens digit of 1445?
4
What is the ten thousands digit of 25319?
2
What is the hundreds digit of 11388?
3
What is the thousands digit of 1308?
1
What is the ten thousands digit of 25983?
2
What is the thousands digit of 35612?
5
What is the hundreds digit of 144?
1
What is the tens digit of 16740?
4
What is the ten thousands digit of 10931?
1
What is the ten thousands digit of 83730?
8
What is the thousands digit of 6755?
6
What is the units digit of 4397?
7
What is the units digit of 4035?
5
What is the hundreds digit of 46296?
2
What is the tens digit of 859?
5
What is the thousands digit of 4025?
4
What is the thousands digit of 14223?
4
What is the tens digit of 1901?
0
What is the tens digit of 38?
3
What is the units digit of 2003?
3
What is the tens digit of 77214?
1
What is the hundreds digit of 11213?
2
What is the tens digit of 2067?
6
What is the tens digit of 687?
8
What is the tens digit of 103932?
3
What is the units digit of 20895?
5
What is the tens digit of 9620?
2
What is the hundreds digit of 571?
5
What is the tens digit of 66?
6
What is the thousands digit of 1798?
1
What is the thousands digit of 49926?
9
What is the hundreds digit of 547?
5
What is the hundreds digit of 185?
1
What is the hundreds digit of 2716?
7
What is the units digit of 6240?
0
What is the hundreds digit of 413?
4
What is the hundreds digit of 5467?
4
What is the units digit of 74644?
4
What is the hundreds digit of 6143?
1
What is the thousands digit of 54990?
4
What is the hundreds digit of 113812?
8
What is the units digit of 18761?
1
What is the units digit of 7945?
5
What is the thousands digit of 3428?
3
What is the hundred thousands digit of 178705?
1
What is the units digit of 700?
0
What is the hundreds digit of 3804?
8
What is the units digit of 6583?
3
What is the hundreds digit of 47347?
3
What is the thousands digit of 3432?
3
What is the tens digit of 38247?
4
What is the hundreds digit of 96909?
9
What is the tens digit of 502?
0
What is the units digit of 19170?
0
What is the units digit of 4340?
0
What is the thousands digit of 55981?
5
What is the tens digit of 3544?
4
What is the tens digit of 37141?
4
What is the units digit of 90?
0
What is the ten thousands digit of 22386?
2
What is the tens digit of 1858?
5
What is the ten thousands digit of 10039?
1
What is the thousands digit of 12203?
2
What is the thousands digit of 13103?
3
What is the tens digit of 1888?
8
What is the thousands digit of 2897?
2
What is the units digit of 11131?
1
What is the thousands digit of 1199?
1
What is the ten thousands digit of 13526?
1
What is the hundreds digit of 8214?
2
What is the tens digit of 7409?
0
What is the hundreds digit of 123?
1
What is the tens digit of 6718?
1
What is the hundreds di